{"id":124,"date":"2020-01-30T01:05:29","date_gmt":"2020-01-30T00:05:29","guid":{"rendered":"http:\/\/onglista.fr\/?page_id=124"},"modified":"2020-02-01T17:43:18","modified_gmt":"2020-02-01T16:43:18","slug":"effets","status":"publish","type":"page","link":"https:\/\/onglista.fr\/?page_id=124","title":{"rendered":"Effets, d\u00e9co\/Strass"},"content":{"rendered":"\n<blockquote class=\"wp-block-quote has-text-align-center is-layout-flow wp-block-quote-is-layout-flow\"><p>Une pose de vernis \u00e7a apporte de la couleur, mais  pour s&rsquo;amuser vraiment, rien de mieux que d&rsquo;ajouter un ou plusieurs effets !<br><\/p><\/blockquote>\n\n\n\n<p><br><\/p>\n\n\n\n<p class=\"has-text-align-left\"> Les effets qui peuvent te permettre de faire briller tes ongles:<\/p>\n\n\n\n<ul class=\"wp-block-list\"><li>Les paillettes<\/li><li>Les foils <\/li><li>Les chrom\u00e9s (holographique, sir\u00e8ne, licorne&#8230;)<\/li><li>Les nails art Flaky qui sont une alternative aux paillettes (pos\u00e9s seulement sur une partie de l&rsquo;ongle)<\/li><li>Les cat eyes<\/li><\/ul>\n\n\n\n<p class=\"has-text-align-left\"> Les effets qui peuvent te permettre de texturiser tes ongles:<\/p>\n\n\n\n<ul class=\"wp-block-list\"><li>Les effets sucres<\/li><li>Les paillettes libres<\/li><\/ul>\n\n\n\n<p class=\"has-text-align-left\"> Les effets qui peuvent te permettre d&rsquo;imiter certains motifs:<\/p>\n\n\n\n<ul class=\"wp-block-list\"><li>Les marbr\u00e9s<\/li><li>Les l\u00e9opards<\/li><\/ul>\n\n\n\n<p class=\"has-text-align-left\"> Les effets naturels et \u00e9l\u00e9gants:<\/p>\n\n\n\n<ul class=\"wp-block-list\"><li>Les french<\/li><li>Le babyboomer (+5\u20ac)<\/li><\/ul>\n\n\n\n<div class=\"wp-block-image is-style-circle-mask\"><figure class=\"aligncenter size-large is-resized\"><img fetchpriority=\"high\" decoding=\"async\" src=\"http:\/\/onglista.fr\/wp-content\/uploads\/2020\/01\/81184517_112637810242092_7545228391893434368_o.jpg\" alt=\"\" class=\"wp-image-167\" width=\"350\" height=\"365\"\/><\/figure><\/div>\n\n\n\n<div class=\"wp-block-group\"><div class=\"wp-block-group__inner-container is-layout-flow wp-block-group-is-layout-flow\">\n<div class=\"wp-block-group\"><div class=\"wp-block-group__inner-container is-layout-flow wp-block-group-is-layout-flow\">\n<div class=\"wp-block-image is-style-circle-mask\"><figure class=\"aligncenter size-large is-resized\"><img decoding=\"async\" src=\"http:\/\/onglista.fr\/wp-content\/uploads\/2020\/01\/82777572_124251669080706_2307351118260207616_o.jpg\" alt=\"\" class=\"wp-image-168\" width=\"350\" height=\"404\"\/><\/figure><\/div>\n<\/div><\/div>\n<\/div><\/div>\n\n\n\n<p><\/p>\n\n\n\n<p><\/p>\n\n\n\n<p><\/p>\n\n\n\n<p class=\"has-large-font-size\">Les Strass<\/p>\n\n\n\n<p>Petits, grands, plats ou en 3D, vous trouverez tout le n\u00e9cessaire sur place pour embellir vos poses.<\/p>\n\n\n\n<div class=\"wp-block-image is-style-circle-mask\"><figure class=\"aligncenter size-large is-resized\"><img decoding=\"async\" src=\"http:\/\/onglista.fr\/wp-content\/uploads\/2020\/01\/Sans-titre-4.jpg\" alt=\"\" class=\"wp-image-175\" width=\"350\" height=\"621\"\/><\/figure><\/div>\n","protected":false},"excerpt":{"rendered":"<p>Une pose de vernis \u00e7a apporte de la couleur, mais pour s&rsquo;amuser vraiment, rien de mieux que d&rsquo;ajouter un ou plusieurs effets ! Les effets qui peuvent te permettre de faire briller tes ongles: Les paillettes Les foils Les chrom\u00e9s (holographique, sir\u00e8ne, licorne&#8230;) Les nails art Flaky qui sont une alternative aux paillettes (pos\u00e9s seulement sur une partie de l&rsquo;ongle) Les cat eyes Les effets qui peuvent te permettre de texturiser tes ongles: Les effets sucres Les paillettes libres Les effets qui peuvent te permettre d&rsquo;imiter certains motifs: Les marbr\u00e9s Les l\u00e9opards Les effets naturels et \u00e9l\u00e9gants: Les french Le babyboomer (+5\u20ac) Les Strass Petits, grands, plats ou en 3D, vous trouverez tout le n\u00e9cessaire sur place pour embellir vos poses.<\/p>\n","protected":false},"author":1,"featured_media":0,"parent":0,"menu_order":0,"comment_status":"closed","ping_status":"closed","template":"","meta":{"footnotes":""},"class_list":["post-124","page","type-page","status-publish","hentry"],"_links":{"self":[{"href":"https:\/\/onglista.fr\/index.php?rest_route=\/wp\/v2\/pages\/124","targetHints":{"allow":["GET"]}}],"collection":[{"href":"https:\/\/onglista.fr\/index.php?rest_route=\/wp\/v2\/pages"}],"about":[{"href":"https:\/\/onglista.fr\/index.php?rest_route=\/wp\/v2\/types\/page"}],"author":[{"embeddable":true,"href":"https:\/\/onglista.fr\/index.php?rest_route=\/wp\/v2\/users\/1"}],"replies":[{"embeddable":true,"href":"https:\/\/onglista.fr\/index.php?rest_route=%2Fwp%2Fv2%2Fcomments&post=124"}],"version-history":[{"count":13,"href":"https:\/\/onglista.fr\/index.php?rest_route=\/wp\/v2\/pages\/124\/revisions"}],"predecessor-version":[{"id":273,"href":"https:\/\/onglista.fr\/index.php?rest_route=\/wp\/v2\/pages\/124\/revisions\/273"}],"wp:attachment":[{"href":"https:\/\/onglista.fr\/index.php?rest_route=%2Fwp%2Fv2%2Fmedia&parent=124"}],"curies":[{"name":"wp","href":"https:\/\/api.w.org\/{rel}","templated":true}]}}