{"id":60,"date":"2020-01-30T00:09:15","date_gmt":"2020-01-29T23:09:15","guid":{"rendered":"http:\/\/onglista.fr\/?page_id=60"},"modified":"2020-02-03T12:49:33","modified_gmt":"2020-02-03T11:49:33","slug":"la-fibre-de-verre","status":"publish","type":"page","link":"https:\/\/onglista.fr\/?page_id=60","title":{"rendered":"La fibre de verre"},"content":{"rendered":"\n<blockquote class=\"wp-block-quote is-style-default is-layout-flow wp-block-quote-is-layout-flow\"><p>Qu&rsquo;est ce que c&rsquo;est ?<\/p><\/blockquote>\n\n\n\n<p> La fibre de verre est&nbsp;<strong>r\u00e9sistante<\/strong>,&nbsp;<strong>flexible<\/strong>&nbsp;et&nbsp;<strong>l\u00e9g\u00e8re<\/strong>, ce qui en fait un&nbsp;<strong>mat\u00e9riel parfait<\/strong>&nbsp;pour vos faux-ongles. Elle permet d&rsquo;avoir un rendu fin et naturel. Petits filaments de verre, ils se posent rapidement et s&rsquo;adaptent \u00e0 toutes largeurs et formes d&rsquo;ongles. <\/p>\n\n\n\n<div class=\"wp-block-image is-style-circle-mask\"><figure class=\"aligncenter size-large is-resized\"><img fetchpriority=\"high\" decoding=\"async\" src=\"http:\/\/onglista.fr\/wp-content\/uploads\/2020\/01\/HTB1On9CLQvoK1RjSZFDq6xY3pXak.jpg_q50.jpg\" alt=\"\" class=\"wp-image-151\" width=\"390\" height=\"390\" srcset=\"https:\/\/onglista.fr\/wp-content\/uploads\/2020\/01\/HTB1On9CLQvoK1RjSZFDq6xY3pXak.jpg_q50.jpg 800w, https:\/\/onglista.fr\/wp-content\/uploads\/2020\/01\/HTB1On9CLQvoK1RjSZFDq6xY3pXak.jpg_q50-300x300.jpg 300w, https:\/\/onglista.fr\/wp-content\/uploads\/2020\/01\/HTB1On9CLQvoK1RjSZFDq6xY3pXak.jpg_q50-150x150.jpg 150w, https:\/\/onglista.fr\/wp-content\/uploads\/2020\/01\/HTB1On9CLQvoK1RjSZFDq6xY3pXak.jpg_q50-768x768.jpg 768w, https:\/\/onglista.fr\/wp-content\/uploads\/2020\/01\/HTB1On9CLQvoK1RjSZFDq6xY3pXak.jpg_q50-75x75.jpg 75w\" sizes=\"(max-width: 390px) 100vw, 390px\" \/><\/figure><\/div>\n\n\n\n<p> La fibre de verre permet d&rsquo;obtenir toutes les formes d&rsquo;ongles souhait\u00e9es (voir exemple en photo ci-dessous) mais aussi de r\u00e9parer facilement et rapidement un ongle cass\u00e9.<\/p>\n\n\n\n<div class=\"wp-block-image is-style-default\"><figure class=\"aligncenter size-large\"><img decoding=\"async\" width=\"480\" height=\"246\" src=\"http:\/\/onglista.fr\/wp-content\/uploads\/2020\/01\/Sans-titre-555.jpg\" alt=\"\" class=\"wp-image-226\" srcset=\"https:\/\/onglista.fr\/wp-content\/uploads\/2020\/01\/Sans-titre-555.jpg 480w, https:\/\/onglista.fr\/wp-content\/uploads\/2020\/01\/Sans-titre-555-300x154.jpg 300w\" sizes=\"(max-width: 480px) 100vw, 480px\" \/><\/figure><\/div>\n\n\n\n<p><br><\/p>\n\n\n\n<blockquote class=\"wp-block-quote is-layout-flow wp-block-quote-is-layout-flow\"><p>Son r\u00f4le<\/p><\/blockquote>\n\n\n\n<p>Elle permet de rallonger, solidifier ou r\u00e9parer l&rsquo;ongle. Elle se pose directement sur une base ou sur une fine couche de gel. L&rsquo;adh\u00e9sion est imm\u00e9diate lors de la mise sous lampe Uv\/Led. Cette m\u00e9thode ne n\u00e9cessite pas l&rsquo;utilisation de colle. <\/p>\n\n\n\n<p><\/p>\n\n\n\n<p><br><\/p>\n\n\n\n<blockquote class=\"wp-block-quote is-layout-flow wp-block-quote-is-layout-flow\"><p>Conseill\u00e9 si<\/p><\/blockquote>\n\n\n\n<ul class=\"wp-block-list\"><li>Vous avez les ongles mous, cassants ou si ils ne sont pas de hauteurs et formes r\u00e9guli\u00e8res.<\/li><li>Vous souhaitez rallonger vos ongles courts ou longs.<\/li><li>Vous avez les ongles rong\u00e9s.<\/li><li>Vous avez une activit\u00e9 manuelle importante.<\/li><\/ul>\n\n\n\n<p><br><\/p>\n\n\n\n<blockquote class=\"wp-block-quote is-layout-flow wp-block-quote-is-layout-flow\"><p>D\u00e9conseill\u00e9 si<\/p><\/blockquote>\n\n\n\n<ul class=\"wp-block-list\"><li>Vos ongles sont assez r\u00e9sistants pour une pose de semi-permanent \u00ab\u00a0classique\u00a0\u00bb ou \u00ab\u00a0renfort\u00a0\u00bb.<\/li><li>Vous ne souhaitez pas faire de poses r\u00e9guli\u00e8res.<\/li><li>Vous souhaitez quelque chose de tr\u00e8s rapide et de simple.<\/li><\/ul>\n\n\n\n<p><\/p>\n","protected":false},"excerpt":{"rendered":"<p>Qu&rsquo;est ce que c&rsquo;est ? La fibre de verre est&nbsp;r\u00e9sistante,&nbsp;flexible&nbsp;et&nbsp;l\u00e9g\u00e8re, ce qui en fait un&nbsp;mat\u00e9riel parfait&nbsp;pour vos faux-ongles. Elle permet d&rsquo;avoir un rendu fin et naturel. Petits filaments de verre, ils se posent rapidement et s&rsquo;adaptent \u00e0 toutes largeurs et formes d&rsquo;ongles. La fibre de verre permet d&rsquo;obtenir toutes les formes d&rsquo;ongles souhait\u00e9es (voir exemple en photo ci-dessous) mais aussi de r\u00e9parer facilement et rapidement un ongle cass\u00e9. Son r\u00f4le Elle permet de rallonger, solidifier ou r\u00e9parer l&rsquo;ongle. Elle se pose directement sur une base ou sur une fine couche de gel. L&rsquo;adh\u00e9sion est imm\u00e9diate lors de la mise sous lampe Uv\/Led. Cette m\u00e9thode ne n\u00e9cessite pas l&rsquo;utilisation de colle. Conseill\u00e9 si Vous avez les ongles mous, cassants ou si ils ne sont pas de hauteurs et formes r\u00e9guli\u00e8res. Vous souhaitez rallonger vos ongles courts ou longs. Vous avez les ongles rong\u00e9s. Vous avez une activit\u00e9 manuelle importante. D\u00e9conseill\u00e9 si Vos ongles sont assez r\u00e9sistants pour une pose de semi-permanent \u00ab\u00a0classique\u00a0\u00bb ou \u00ab\u00a0renfort\u00a0\u00bb. Vous ne souhaitez pas faire de poses r\u00e9guli\u00e8res. Vous souhaitez quelque chose de tr\u00e8s rapide et de simple.<\/p>\n","protected":false},"author":1,"featured_media":0,"parent":0,"menu_order":0,"comment_status":"closed","ping_status":"closed","template":"","meta":{"footnotes":""},"class_list":["post-60","page","type-page","status-publish","hentry"],"_links":{"self":[{"href":"https:\/\/onglista.fr\/index.php?rest_route=\/wp\/v2\/pages\/60","targetHints":{"allow":["GET"]}}],"collection":[{"href":"https:\/\/onglista.fr\/index.php?rest_route=\/wp\/v2\/pages"}],"about":[{"href":"https:\/\/onglista.fr\/index.php?rest_route=\/wp\/v2\/types\/page"}],"author":[{"embeddable":true,"href":"https:\/\/onglista.fr\/index.php?rest_route=\/wp\/v2\/users\/1"}],"replies":[{"embeddable":true,"href":"https:\/\/onglista.fr\/index.php?rest_route=%2Fwp%2Fv2%2Fcomments&post=60"}],"version-history":[{"count":12,"href":"https:\/\/onglista.fr\/index.php?rest_route=\/wp\/v2\/pages\/60\/revisions"}],"predecessor-version":[{"id":287,"href":"https:\/\/onglista.fr\/index.php?rest_route=\/wp\/v2\/pages\/60\/revisions\/287"}],"wp:attachment":[{"href":"https:\/\/onglista.fr\/index.php?rest_route=%2Fwp%2Fv2%2Fmedia&parent=60"}],"curies":[{"name":"wp","href":"https:\/\/api.w.org\/{rel}","templated":true}]}}